{"id":165,"date":"2018-10-30T17:55:02","date_gmt":"2018-10-30T17:55:02","guid":{"rendered":"http:\/\/www.jacovella.com.ar\/www\/?page_id=165"},"modified":"2018-12-08T16:37:16","modified_gmt":"2018-12-08T16:37:16","slug":"prensa","status":"publish","type":"page","link":"http:\/\/www.jacovella.com.ar\/engl\/prensa\/","title":{"rendered":"Press"},"content":{"rendered":"\t\t<div data-elementor-type=\"wp-post\" data-elementor-id=\"165\" class=\"elementor elementor-165 elementor-bc-flex-widget\">\n\t\t\t\t\t\t<section class=\"elementor-section elementor-top-section elementor-element elementor-element-78e7e64 elementor-section-boxed elementor-section-height-default elementor-section-height-default\" data-id=\"78e7e64\" data-element_type=\"section\">\n\t\t\t\t\t\t<div class=\"elementor-container elementor-column-gap-default\">\n\t\t\t\t\t<div class=\"elementor-column elementor-col-100 elementor-top-column elementor-element elementor-element-5cba04a\" data-id=\"5cba04a\" data-element_type=\"column\">\n\t\t\t<div class=\"elementor-widget-wrap elementor-element-populated\">\n\t\t\t\t\t\t<div class=\"elementor-element elementor-element-62983b1 elementor-icon-list--layout-traditional elementor-list-item-link-full_width elementor-widget elementor-widget-icon-list\" data-id=\"62983b1\" data-element_type=\"widget\" data-widget_type=\"icon-list.default\">\n\t\t\t\t<div class=\"elementor-widget-container\">\n\t\t\t\t\t\t\t<ul class=\"elementor-icon-list-items\">\n\t\t\t\t\t\t\t<li class=\"elementor-icon-list-item\">\n\t\t\t\t\t\t\t\t\t\t\t<span class=\"elementor-icon-list-icon\">\n\t\t\t\t\t\t\t\t\t\t\t\t\t\t\t\t<i class=\"fa fa-arrow-down\" aria-hidden=\"true\"><\/i>\n\t\t\t\t\t\t\t\t\t\t\t\t\t<\/span>\n\t\t\t\t\t\t\t\t\t\t<span class=\"elementor-icon-list-text\">LAST MEDICAL MEETINGS<\/span>\n\t\t\t\t\t\t\t\t\t<\/li>\n\t\t\t\t\t\t<\/ul>\n\t\t\t\t\t\t<\/div>\n\t\t\t\t<\/div>\n\t\t\t\t\t<\/div>\n\t\t<\/div>\n\t\t\t\t\t<\/div>\n\t\t<\/section>\n\t\t\t\t<section class=\"elementor-section elementor-top-section elementor-element elementor-element-557d8355 elementor-section-boxed elementor-section-height-default elementor-section-height-default\" data-id=\"557d8355\" data-element_type=\"section\">\n\t\t\t\t\t\t<div class=\"elementor-container elementor-column-gap-default\">\n\t\t\t\t\t<div class=\"elementor-column elementor-col-100 elementor-top-column elementor-element elementor-element-5eeaf54f\" data-id=\"5eeaf54f\" data-element_type=\"column\">\n\t\t\t<div class=\"elementor-widget-wrap elementor-element-populated\">\n\t\t\t\t\t\t<div class=\"elementor-element elementor-element-6c236b0b elementor-widget elementor-widget-text-editor\" data-id=\"6c236b0b\" data-element_type=\"widget\" data-widget_type=\"text-editor.default\">\n\t\t\t\t<div class=\"elementor-widget-container\">\n\t\t\t\t\t\t\t\t\t<p><strong>IV Simposio Internacional de Cirug\u00eda Pl\u00e1stica \u201cRejuvenecimiento facial sustentable\u201d.\u00a0<\/strong><\/p><ul><li>Divisi\u00f3n Cirug\u00eda Pl\u00e1stica. Hospital de Cl\u00ednicas.<\/li><li>President<\/li><li>Buenos Aires, Argentina. June 25, 2015.<\/li><\/ul><p><strong>XXI Congreso Iberolatinoamericano de Cirug\u00eda Pl\u00e1stica y Reconstructiva<\/strong><\/p><ul><li>Attendee<\/li><li>Punta del Este, Uruguay. March 9-12, 2016.<\/li><\/ul><p><strong>Congreso Argentino de Cirug\u00eda Pl\u00e1stica<\/strong><\/p><ul><li>Sociedad Argentina de Cirug\u00eda Pl\u00e1stica<\/li><li>Lecturer<\/li><li>Buenos Aires, Argentina. April 12-15, 2016<\/li><\/ul><p><strong>V Simposio Internacional de Cirug\u00eda Pl\u00e1stica \u201cModelando el contorno corporal\u201d. <\/strong><\/p><ul><li>Divisi\u00f3n Cirug\u00eda Pl\u00e1stica. Hospital de Cl\u00ednicas<\/li><li>President<\/li><li>Buenos Aires, Argentina. June 22, 2016.<\/li><\/ul><p><strong>VI Simposio Internacional\u00a0 de Cirug\u00eda Pl\u00e1stica \u201cEnergy based devices\u201d.<\/strong><\/p><ul><li>President<\/li><li>Divisi\u00f3n Cirug\u00eda Pl\u00e1stica. Hospital de Cl\u00ednicas.<\/li><li>Buenos Aires, Argentina. June 7, 2017<\/li><\/ul><p><strong>Plastic Surgery \u201cThe Meeting\u201d. <\/strong><\/p><ul><li>American Society of Plastic Surgeons Annual Congress. \u00a0<\/li><li>Attendee<\/li><li>Orlando FL. U.S.A. October 6-10, 2017.<\/li><\/ul><p><strong>Simposio Internacional de Cirug\u00eda pl\u00e1stica<\/strong><\/p><ul><li>Sociedad de Cirug\u00eda Pl\u00e1stica de Mar del Plata<\/li><li>Attendee<\/li><li>Mar del Plata, Argentina. March 23-24, 2018<\/li><\/ul><p><strong>VII Simposio Internacional de Cirug\u00eda Pl\u00e1stica \u201cBuena pr\u00e1ctica en Cirug\u00eda<\/strong> <strong>Est\u00e9tica\u201d.<\/strong><\/p><ul><li>Divisi\u00f3n Cirug\u00eda Pl\u00e1stica. Hospital de Cl\u00ednicas.<\/li><li>President.<\/li><li>Buenos Aires, Argentina, june 5, 2018.<\/li><\/ul><p><strong>23 \u00ba Simposio Internacional de Cirug\u00eda Pl\u00e1stica<\/strong>.<\/p><ul><li>Attendee \u00a0<\/li><li>Sociedad de Cirug\u00eda Pl\u00e1stica de Buenos Aires.<\/li><li>Buenos Aires, Argentina. September 6-7, 2018<\/li><\/ul>\t\t\t\t\t\t\t\t<\/div>\n\t\t\t\t<\/div>\n\t\t\t\t\t<\/div>\n\t\t<\/div>\n\t\t\t\t\t<\/div>\n\t\t<\/section>\n\t\t\t\t<section class=\"elementor-section elementor-top-section elementor-element elementor-element-4c27f89 elementor-section-boxed elementor-section-height-default elementor-section-height-default\" data-id=\"4c27f89\" data-element_type=\"section\">\n\t\t\t\t\t\t<div class=\"elementor-container elementor-column-gap-default\">\n\t\t\t\t\t<div class=\"elementor-column elementor-col-100 elementor-top-column elementor-element elementor-element-7b82e85\" data-id=\"7b82e85\" data-element_type=\"column\">\n\t\t\t<div class=\"elementor-widget-wrap elementor-element-populated\">\n\t\t\t\t\t\t<div class=\"elementor-element elementor-element-9102e74 elementor-icon-list--layout-traditional elementor-list-item-link-full_width elementor-widget elementor-widget-icon-list\" data-id=\"9102e74\" data-element_type=\"widget\" data-widget_type=\"icon-list.default\">\n\t\t\t\t<div class=\"elementor-widget-container\">\n\t\t\t\t\t\t\t<ul class=\"elementor-icon-list-items\">\n\t\t\t\t\t\t\t<li class=\"elementor-icon-list-item\">\n\t\t\t\t\t\t\t\t\t\t\t<span class=\"elementor-icon-list-icon\">\n\t\t\t\t\t\t\t\t\t\t\t\t\t\t\t\t<i class=\"fa fa-arrow-down\" aria-hidden=\"true\"><\/i>\n\t\t\t\t\t\t\t\t\t\t\t\t\t<\/span>\n\t\t\t\t\t\t\t\t\t\t<span class=\"elementor-icon-list-text\">INTERVIEWS AND MEDIA ARTICLES<\/span>\n\t\t\t\t\t\t\t\t\t<\/li>\n\t\t\t\t\t\t<\/ul>\n\t\t\t\t\t\t<\/div>\n\t\t\t\t<\/div>\n\t\t\t\t\t<\/div>\n\t\t<\/div>\n\t\t\t\t\t<\/div>\n\t\t<\/section>\n\t\t\t\t<section class=\"elementor-section elementor-top-section elementor-element elementor-element-434bf8e elementor-section-boxed elementor-section-height-default elementor-section-height-default\" data-id=\"434bf8e\" data-element_type=\"section\">\n\t\t\t\t\t\t<div class=\"elementor-container elementor-column-gap-default\">\n\t\t\t\t\t<div class=\"elementor-column elementor-col-66 elementor-top-column elementor-element elementor-element-e968c75\" data-id=\"e968c75\" data-element_type=\"column\">\n\t\t\t<div class=\"elementor-widget-wrap elementor-element-populated\">\n\t\t\t\t\t\t<div class=\"elementor-element elementor-element-3790076 elementor-widget elementor-widget-text-editor\" data-id=\"3790076\" data-element_type=\"widget\" data-widget_type=\"text-editor.default\">\n\t\t\t\t<div class=\"elementor-widget-container\">\n\t\t\t\t\t\t\t\t\t<p><strong>Channel 13 Argentina<br \/><\/strong><strong>Interview with Mirtha Legrand<\/strong> <br \/>(Argentinian interviewer)<br \/>Buenos Aires, Argentina, 1990.<\/p><p><em>Dr. Jacovella, speaking about how to become a plastic surgeon and the pros and cons of aesthetic surgery, as well.<\/em><\/p>\t\t\t\t\t\t\t\t<\/div>\n\t\t\t\t<\/div>\n\t\t\t\t\t<\/div>\n\t\t<\/div>\n\t\t\t\t<div class=\"elementor-column elementor-col-33 elementor-top-column elementor-element elementor-element-5ac56bf\" data-id=\"5ac56bf\" data-element_type=\"column\">\n\t\t\t<div class=\"elementor-widget-wrap elementor-element-populated\">\n\t\t\t\t\t\t<div class=\"elementor-element elementor-element-78c49f1 elementor-widget elementor-widget-image\" data-id=\"78c49f1\" data-element_type=\"widget\" data-widget_type=\"image.default\">\n\t\t\t\t<div class=\"elementor-widget-container\">\n\t\t\t\t\t\t\t\t\t\t\t\t\t\t\t<img fetchpriority=\"high\" decoding=\"async\" width=\"400\" height=\"538\" src=\"http:\/\/www.jacovella.com.ar\/engl\/wp-content\/uploads\/JacoMirta.jpg\" class=\"attachment-large size-large wp-image-170\" alt=\"\" srcset=\"http:\/\/www.jacovella.com.ar\/engl\/wp-content\/uploads\/JacoMirta.jpg 400w, http:\/\/www.jacovella.com.ar\/engl\/wp-content\/uploads\/JacoMirta-223x300.jpg 223w\" sizes=\"(max-width: 400px) 100vw, 400px\" \/>\t\t\t\t\t\t\t\t\t\t\t\t\t\t\t<\/div>\n\t\t\t\t<\/div>\n\t\t\t\t\t<\/div>\n\t\t<\/div>\n\t\t\t\t\t<\/div>\n\t\t<\/section>\n\t\t\t\t<section class=\"elementor-section elementor-top-section elementor-element elementor-element-37a0b1b elementor-section-boxed elementor-section-height-default elementor-section-height-default\" data-id=\"37a0b1b\" data-element_type=\"section\">\n\t\t\t\t\t\t<div class=\"elementor-container elementor-column-gap-default\">\n\t\t\t\t\t<div class=\"elementor-column elementor-col-100 elementor-top-column elementor-element elementor-element-09d174d\" data-id=\"09d174d\" data-element_type=\"column\">\n\t\t\t<div class=\"elementor-widget-wrap elementor-element-populated\">\n\t\t\t\t\t\t<div class=\"elementor-element elementor-element-8bb5798 elementor-widget-divider--view-line elementor-widget elementor-widget-divider\" data-id=\"8bb5798\" data-element_type=\"widget\" data-widget_type=\"divider.default\">\n\t\t\t\t<div class=\"elementor-widget-container\">\n\t\t\t\t\t\t\t<div class=\"elementor-divider\">\n\t\t\t<span class=\"elementor-divider-separator\">\n\t\t\t\t\t\t<\/span>\n\t\t<\/div>\n\t\t\t\t\t\t<\/div>\n\t\t\t\t<\/div>\n\t\t\t\t\t<\/div>\n\t\t<\/div>\n\t\t\t\t\t<\/div>\n\t\t<\/section>\n\t\t\t\t<section class=\"elementor-section elementor-top-section elementor-element elementor-element-374e9de elementor-section-boxed elementor-section-height-default elementor-section-height-default\" data-id=\"374e9de\" data-element_type=\"section\">\n\t\t\t\t\t\t<div class=\"elementor-container elementor-column-gap-default\">\n\t\t\t\t\t<div class=\"elementor-column elementor-col-66 elementor-top-column elementor-element elementor-element-ab945cb\" data-id=\"ab945cb\" data-element_type=\"column\">\n\t\t\t<div class=\"elementor-widget-wrap elementor-element-populated\">\n\t\t\t\t\t\t<div class=\"elementor-element elementor-element-34662c7 elementor-widget elementor-widget-text-editor\" data-id=\"34662c7\" data-element_type=\"widget\" data-widget_type=\"text-editor.default\">\n\t\t\t\t<div class=\"elementor-widget-container\">\n\t\t\t\t\t\t\t\t\t<p><strong>IV <\/strong><strong>Latin American Congress of the American College of Surgeons.<br \/><\/strong>Buenos Aires, Argentina. May 3-6, 1992.<\/p><p><em>Dr. Jacovella with Professor Ivo Pitanguy<\/em><\/p>\t\t\t\t\t\t\t\t<\/div>\n\t\t\t\t<\/div>\n\t\t\t\t\t<\/div>\n\t\t<\/div>\n\t\t\t\t<div class=\"elementor-column elementor-col-33 elementor-top-column elementor-element elementor-element-04af730\" data-id=\"04af730\" data-element_type=\"column\">\n\t\t\t<div class=\"elementor-widget-wrap elementor-element-populated\">\n\t\t\t\t\t\t<div class=\"elementor-element elementor-element-6c9052d elementor-widget elementor-widget-image\" data-id=\"6c9052d\" data-element_type=\"widget\" data-widget_type=\"image.default\">\n\t\t\t\t<div class=\"elementor-widget-container\">\n\t\t\t\t\t\t\t\t\t\t\t\t\t\t\t<img decoding=\"async\" width=\"400\" height=\"400\" src=\"http:\/\/www.jacovella.com.ar\/engl\/wp-content\/uploads\/Jacoyotro.jpg\" class=\"attachment-large size-large wp-image-171\" alt=\"\" srcset=\"http:\/\/www.jacovella.com.ar\/engl\/wp-content\/uploads\/Jacoyotro.jpg 400w, http:\/\/www.jacovella.com.ar\/engl\/wp-content\/uploads\/Jacoyotro-150x150.jpg 150w, http:\/\/www.jacovella.com.ar\/engl\/wp-content\/uploads\/Jacoyotro-300x300.jpg 300w\" sizes=\"(max-width: 400px) 100vw, 400px\" \/>\t\t\t\t\t\t\t\t\t\t\t\t\t\t\t<\/div>\n\t\t\t\t<\/div>\n\t\t\t\t\t<\/div>\n\t\t<\/div>\n\t\t\t\t\t<\/div>\n\t\t<\/section>\n\t\t\t\t<section class=\"elementor-section elementor-top-section elementor-element elementor-element-4661393 elementor-section-boxed elementor-section-height-default elementor-section-height-default\" data-id=\"4661393\" data-element_type=\"section\">\n\t\t\t\t\t\t<div class=\"elementor-container elementor-column-gap-default\">\n\t\t\t\t\t<div class=\"elementor-column elementor-col-100 elementor-top-column elementor-element elementor-element-5307782\" data-id=\"5307782\" data-element_type=\"column\">\n\t\t\t<div class=\"elementor-widget-wrap elementor-element-populated\">\n\t\t\t\t\t\t<div class=\"elementor-element elementor-element-23ed0b8 elementor-widget-divider--view-line elementor-widget elementor-widget-divider\" data-id=\"23ed0b8\" data-element_type=\"widget\" data-widget_type=\"divider.default\">\n\t\t\t\t<div class=\"elementor-widget-container\">\n\t\t\t\t\t\t\t<div class=\"elementor-divider\">\n\t\t\t<span class=\"elementor-divider-separator\">\n\t\t\t\t\t\t<\/span>\n\t\t<\/div>\n\t\t\t\t\t\t<\/div>\n\t\t\t\t<\/div>\n\t\t\t\t\t<\/div>\n\t\t<\/div>\n\t\t\t\t\t<\/div>\n\t\t<\/section>\n\t\t\t\t<section class=\"elementor-section elementor-top-section elementor-element elementor-element-796612c elementor-section-boxed elementor-section-height-default elementor-section-height-default\" data-id=\"796612c\" data-element_type=\"section\">\n\t\t\t\t\t\t<div class=\"elementor-container elementor-column-gap-default\">\n\t\t\t\t\t<div class=\"elementor-column elementor-col-66 elementor-top-column elementor-element elementor-element-96ad859\" data-id=\"96ad859\" data-element_type=\"column\">\n\t\t\t<div class=\"elementor-widget-wrap elementor-element-populated\">\n\t\t\t\t\t\t<div class=\"elementor-element elementor-element-4e0fd5e elementor-widget elementor-widget-text-editor\" data-id=\"4e0fd5e\" data-element_type=\"widget\" data-widget_type=\"text-editor.default\">\n\t\t\t\t<div class=\"elementor-widget-container\">\n\t\t\t\t\t\t\t\t\t<p><strong>Plastic Surgery Division Hospital de Cl\u00ednicas<\/strong><\/p><p><em>Professor Jacovella, staff and residents. Buenos Aires, Argentina, 2015<\/em><\/p>\t\t\t\t\t\t\t\t<\/div>\n\t\t\t\t<\/div>\n\t\t\t\t\t<\/div>\n\t\t<\/div>\n\t\t\t\t<div class=\"elementor-column elementor-col-33 elementor-top-column elementor-element elementor-element-8ba82ba\" data-id=\"8ba82ba\" data-element_type=\"column\">\n\t\t\t<div class=\"elementor-widget-wrap elementor-element-populated\">\n\t\t\t\t\t\t<div class=\"elementor-element elementor-element-f1c614e elementor-widget elementor-widget-image\" data-id=\"f1c614e\" data-element_type=\"widget\" data-widget_type=\"image.default\">\n\t\t\t\t<div class=\"elementor-widget-container\">\n\t\t\t\t\t\t\t\t\t\t\t\t\t\t\t<img decoding=\"async\" width=\"600\" height=\"343\" src=\"http:\/\/www.jacovella.com.ar\/engl\/wp-content\/uploads\/mclinicas.jpg\" class=\"attachment-large size-large wp-image-172\" alt=\"\" srcset=\"http:\/\/www.jacovella.com.ar\/engl\/wp-content\/uploads\/mclinicas.jpg 600w, http:\/\/www.jacovella.com.ar\/engl\/wp-content\/uploads\/mclinicas-300x172.jpg 300w\" sizes=\"(max-width: 600px) 100vw, 600px\" \/>\t\t\t\t\t\t\t\t\t\t\t\t\t\t\t<\/div>\n\t\t\t\t<\/div>\n\t\t\t\t\t<\/div>\n\t\t<\/div>\n\t\t\t\t\t<\/div>\n\t\t<\/section>\n\t\t\t\t<section class=\"elementor-section elementor-top-section elementor-element elementor-element-4971a6c elementor-section-boxed elementor-section-height-default elementor-section-height-default\" data-id=\"4971a6c\" data-element_type=\"section\">\n\t\t\t\t\t\t<div class=\"elementor-container elementor-column-gap-default\">\n\t\t\t\t\t<div class=\"elementor-column elementor-col-100 elementor-top-column elementor-element elementor-element-03178fb\" data-id=\"03178fb\" data-element_type=\"column\">\n\t\t\t<div class=\"elementor-widget-wrap elementor-element-populated\">\n\t\t\t\t\t\t<div class=\"elementor-element elementor-element-2cb7311 elementor-widget-divider--view-line elementor-widget elementor-widget-divider\" data-id=\"2cb7311\" data-element_type=\"widget\" data-widget_type=\"divider.default\">\n\t\t\t\t<div class=\"elementor-widget-container\">\n\t\t\t\t\t\t\t<div class=\"elementor-divider\">\n\t\t\t<span class=\"elementor-divider-separator\">\n\t\t\t\t\t\t<\/span>\n\t\t<\/div>\n\t\t\t\t\t\t<\/div>\n\t\t\t\t<\/div>\n\t\t\t\t\t<\/div>\n\t\t<\/div>\n\t\t\t\t\t<\/div>\n\t\t<\/section>\n\t\t\t\t<section class=\"elementor-section elementor-top-section elementor-element elementor-element-6429385a elementor-section-boxed elementor-section-height-default elementor-section-height-default\" data-id=\"6429385a\" data-element_type=\"section\">\n\t\t\t\t\t\t<div class=\"elementor-container elementor-column-gap-default\">\n\t\t\t\t\t<div class=\"elementor-column elementor-col-100 elementor-top-column elementor-element elementor-element-5d96b36a\" data-id=\"5d96b36a\" data-element_type=\"column\">\n\t\t\t<div class=\"elementor-widget-wrap elementor-element-populated\">\n\t\t\t\t\t\t<div class=\"elementor-element elementor-element-c1be9a7 elementor-widget elementor-widget-text-editor\" data-id=\"c1be9a7\" data-element_type=\"widget\" data-widget_type=\"text-editor.default\">\n\t\t\t\t<div class=\"elementor-widget-container\">\n\t\t\t\t\t\t\t\t\t<p><strong>Pol\u00e9mica por las cirug\u00edas pl\u00e1sticas (In Spanish)<\/strong><br \/>16 APR 2016 at <strong>INFOBAE TV<\/strong><\/p>\t\t\t\t\t\t\t\t<\/div>\n\t\t\t\t<\/div>\n\t\t\t\t<div class=\"elementor-element elementor-element-df48e9b elementor-widget elementor-widget-video\" data-id=\"df48e9b\" data-element_type=\"widget\" data-settings=\"{&quot;youtube_url&quot;:&quot;https:\\\/\\\/youtu.be\\\/liwKL8i6Pu4&quot;,&quot;video_type&quot;:&quot;youtube&quot;,&quot;controls&quot;:&quot;yes&quot;}\" data-widget_type=\"video.default\">\n\t\t\t\t<div class=\"elementor-widget-container\">\n\t\t\t\t\t\t\t<div class=\"elementor-wrapper elementor-open-inline\">\n\t\t\t<div class=\"elementor-video\"><\/div>\t\t<\/div>\n\t\t\t\t\t\t<\/div>\n\t\t\t\t<\/div>\n\t\t\t\t\t<\/div>\n\t\t<\/div>\n\t\t\t\t\t<\/div>\n\t\t<\/section>\n\t\t\t\t<section class=\"elementor-section elementor-top-section elementor-element elementor-element-8eb968b elementor-section-boxed elementor-section-height-default elementor-section-height-default\" data-id=\"8eb968b\" data-element_type=\"section\">\n\t\t\t\t\t\t<div class=\"elementor-container elementor-column-gap-default\">\n\t\t\t\t\t<div class=\"elementor-column elementor-col-100 elementor-top-column elementor-element elementor-element-28a1bf0\" data-id=\"28a1bf0\" data-element_type=\"column\">\n\t\t\t<div class=\"elementor-widget-wrap elementor-element-populated\">\n\t\t\t\t\t\t<div class=\"elementor-element elementor-element-6253558 elementor-widget-divider--view-line elementor-widget elementor-widget-divider\" data-id=\"6253558\" data-element_type=\"widget\" data-widget_type=\"divider.default\">\n\t\t\t\t<div class=\"elementor-widget-container\">\n\t\t\t\t\t\t\t<div class=\"elementor-divider\">\n\t\t\t<span class=\"elementor-divider-separator\">\n\t\t\t\t\t\t<\/span>\n\t\t<\/div>\n\t\t\t\t\t\t<\/div>\n\t\t\t\t<\/div>\n\t\t\t\t\t<\/div>\n\t\t<\/div>\n\t\t\t\t\t<\/div>\n\t\t<\/section>\n\t\t\t\t<section class=\"elementor-section elementor-top-section elementor-element elementor-element-91dce64 elementor-section-boxed elementor-section-height-default elementor-section-height-default\" data-id=\"91dce64\" data-element_type=\"section\">\n\t\t\t\t\t\t<div class=\"elementor-container elementor-column-gap-default\">\n\t\t\t\t\t<div class=\"elementor-column elementor-col-100 elementor-top-column elementor-element elementor-element-8988554\" data-id=\"8988554\" data-element_type=\"column\">\n\t\t\t<div class=\"elementor-widget-wrap elementor-element-populated\">\n\t\t\t\t\t\t<div class=\"elementor-element elementor-element-dd92fc4 elementor-widget elementor-widget-text-editor\" data-id=\"dd92fc4\" data-element_type=\"widget\" data-widget_type=\"text-editor.default\">\n\t\t\t\t<div class=\"elementor-widget-container\">\n\t\t\t\t\t\t\t\t\t<p><strong>Cirug\u00edas est\u00e9ticas: la moda de verse natural <\/strong>(In Spanish)<br \/>17 JUN 2016 at <strong>Clar\u00edn<\/strong><\/p><p><strong>Entrevista por radio sobre el VI Simposio de cirug\u00eda pl\u00e1stica <\/strong>(In Spanish)<br \/>06 JUN 2017 at <strong>Radio de avanzada<\/strong><\/p><p><strong>La ciencia ya tiene la clave para vencer las arrugas <\/strong>(In Spanish)<br \/>30 SEP 2017 at <strong>Clar\u00edn Viva<\/strong><\/p><p><strong>Implantes mamarios con chip: la est\u00e9tica al servicio de la salud<br \/><\/strong>18 OCT 2017 at <strong>Todo Noticias<\/strong><\/p>\t\t\t\t\t\t\t\t<\/div>\n\t\t\t\t<\/div>\n\t\t\t\t\t<\/div>\n\t\t<\/div>\n\t\t\t\t\t<\/div>\n\t\t<\/section>\n\t\t\t\t<section class=\"elementor-section elementor-top-section elementor-element elementor-element-5f21f827 elementor-section-boxed elementor-section-height-default elementor-section-height-default\" data-id=\"5f21f827\" data-element_type=\"section\">\n\t\t\t\t\t\t<div class=\"elementor-container elementor-column-gap-default\">\n\t\t\t\t\t<div class=\"elementor-column elementor-col-100 elementor-top-column elementor-element elementor-element-bc58498\" data-id=\"bc58498\" data-element_type=\"column\">\n\t\t\t<div class=\"elementor-widget-wrap elementor-element-populated\">\n\t\t\t\t\t\t<div class=\"elementor-element elementor-element-4b11164 elementor-widget elementor-widget-spacer\" data-id=\"4b11164\" data-element_type=\"widget\" data-widget_type=\"spacer.default\">\n\t\t\t\t<div class=\"elementor-widget-container\">\n\t\t\t\t\t\t\t<div class=\"elementor-spacer\">\n\t\t\t<div class=\"elementor-spacer-inner\"><\/div>\n\t\t<\/div>\n\t\t\t\t\t\t<\/div>\n\t\t\t\t<\/div>\n\t\t\t\t\t<\/div>\n\t\t<\/div>\n\t\t\t\t\t<\/div>\n\t\t<\/section>\n\t\t\t\t<\/div>\n\t\t","protected":false},"excerpt":{"rendered":"<p>LAST MEDICAL MEETINGS IV Simposio Internacional de Cirug\u00eda Pl\u00e1stica \u201cRejuvenecimiento facial sustentable\u201d.\u00a0 Divisi\u00f3n Cirug\u00eda Pl\u00e1stica. Hospital de Cl\u00ednicas. President Buenos Aires, Argentina. June 25, 2015. XXI Congreso Iberolatinoamericano de Cirug\u00eda Pl\u00e1stica y Reconstructiva Attendee Punta del Este, Uruguay. March 9-12, 2016. Congreso Argentino de Cirug\u00eda Pl\u00e1stica Sociedad Argentina de Cirug\u00eda Pl\u00e1stica Lecturer Buenos Aires, Argentina. [&hellip;]<\/p>\n","protected":false},"author":1,"featured_media":0,"parent":0,"menu_order":0,"comment_status":"closed","ping_status":"closed","template":"","meta":{"ocean_post_layout":"","ocean_both_sidebars_style":"","ocean_both_sidebars_content_width":0,"ocean_both_sidebars_sidebars_width":0,"ocean_sidebar":"0","ocean_second_sidebar":"0","ocean_disable_margins":"enable","ocean_add_body_class":"","ocean_shortcode_before_top_bar":"","ocean_shortcode_after_top_bar":"","ocean_shortcode_before_header":"","ocean_shortcode_after_header":"","ocean_has_shortcode":"","ocean_shortcode_after_title":"","ocean_shortcode_before_footer_widgets":"","ocean_shortcode_after_footer_widgets":"","ocean_shortcode_before_footer_bottom":"","ocean_shortcode_after_footer_bottom":"","ocean_display_top_bar":"default","ocean_display_header":"default","ocean_header_style":"","ocean_center_header_left_menu":"","ocean_custom_header_template":"","ocean_custom_logo":0,"ocean_custom_retina_logo":0,"ocean_custom_logo_max_width":0,"ocean_custom_logo_tablet_max_width":0,"ocean_custom_logo_mobile_max_width":0,"ocean_custom_logo_max_height":0,"ocean_custom_logo_tablet_max_height":0,"ocean_custom_logo_mobile_max_height":0,"ocean_header_custom_menu":"0","ocean_menu_typo_font_family":"","ocean_menu_typo_font_subset":"","ocean_menu_typo_font_size":0,"ocean_menu_typo_font_size_tablet":0,"ocean_menu_typo_font_size_mobile":0,"ocean_menu_typo_font_size_unit":"px","ocean_menu_typo_font_weight":"","ocean_menu_typo_font_weight_tablet":"","ocean_menu_typo_font_weight_mobile":"","ocean_menu_typo_transform":"","ocean_menu_typo_transform_tablet":"","ocean_menu_typo_transform_mobile":"","ocean_menu_typo_line_height":0,"ocean_menu_typo_line_height_tablet":0,"ocean_menu_typo_line_height_mobile":0,"ocean_menu_typo_line_height_unit":"","ocean_menu_typo_spacing":0,"ocean_menu_typo_spacing_tablet":0,"ocean_menu_typo_spacing_mobile":0,"ocean_menu_typo_spacing_unit":"","ocean_menu_link_color":"","ocean_menu_link_color_hover":"","ocean_menu_link_color_active":"","ocean_menu_link_background":"","ocean_menu_link_hover_background":"","ocean_menu_link_active_background":"","ocean_menu_social_links_bg":"","ocean_menu_social_hover_links_bg":"","ocean_menu_social_links_color":"","ocean_menu_social_hover_links_color":"","ocean_disable_title":"default","ocean_disable_heading":"default","ocean_post_title":"","ocean_post_subheading":"","ocean_post_title_style":"","ocean_post_title_background_color":"","ocean_post_title_background":0,"ocean_post_title_bg_image_position":"","ocean_post_title_bg_image_attachment":"","ocean_post_title_bg_image_repeat":"","ocean_post_title_bg_image_size":"","ocean_post_title_height":0,"ocean_post_title_bg_overlay":0.5,"ocean_post_title_bg_overlay_color":"","ocean_disable_breadcrumbs":"default","ocean_breadcrumbs_color":"","ocean_breadcrumbs_separator_color":"","ocean_breadcrumbs_links_color":"","ocean_breadcrumbs_links_hover_color":"","ocean_display_footer_widgets":"default","ocean_display_footer_bottom":"default","ocean_custom_footer_template":"","footnotes":""},"class_list":["post-165","page","type-page","status-publish","hentry","entry"],"_links":{"self":[{"href":"http:\/\/www.jacovella.com.ar\/engl\/wp-json\/wp\/v2\/pages\/165","targetHints":{"allow":["GET"]}}],"collection":[{"href":"http:\/\/www.jacovella.com.ar\/engl\/wp-json\/wp\/v2\/pages"}],"about":[{"href":"http:\/\/www.jacovella.com.ar\/engl\/wp-json\/wp\/v2\/types\/page"}],"author":[{"embeddable":true,"href":"http:\/\/www.jacovella.com.ar\/engl\/wp-json\/wp\/v2\/users\/1"}],"replies":[{"embeddable":true,"href":"http:\/\/www.jacovella.com.ar\/engl\/wp-json\/wp\/v2\/comments?post=165"}],"version-history":[{"count":7,"href":"http:\/\/www.jacovella.com.ar\/engl\/wp-json\/wp\/v2\/pages\/165\/revisions"}],"predecessor-version":[{"id":418,"href":"http:\/\/www.jacovella.com.ar\/engl\/wp-json\/wp\/v2\/pages\/165\/revisions\/418"}],"wp:attachment":[{"href":"http:\/\/www.jacovella.com.ar\/engl\/wp-json\/wp\/v2\/media?parent=165"}],"curies":[{"name":"wp","href":"https:\/\/api.w.org\/{rel}","templated":true}]}}